t) = -7*b(t) + 3*l(t). Let g be (-27)/12 - 1/(-4). Let o be ((-15)/6 - g)*-6. Calculate w(o).
-6
Let l(w) = -2*w - 1. Let j be 116/(-14) - (-4)/14. Suppose -5 = -5*k - 85. Let r be 1 + 0 - k/j. Calculate l(r).
1
Suppose 0 = -0*g - 5*g. Suppose -3*d + h + 12 + 0 = g, -d - 9 = 4*h. Let i(y) = 0 - 5 - d*y**2 - 3*y**2 + 7*y + 0*y + y**3. Determine i(5).
5
Let n(z) be the second derivative of z**4/6 - z**3/3 + z**2 + z - 56. Suppose 0 = -0*i + 4*i - 8. Determine n(i).
6
Let f(a) be the second derivative of -a**7/2520 + a**6/240 + a**5/120 - a**4/12 + 2*a. Let m(t) be the third derivative of f(t). Calculate m(2).
3
Let t(b) = b - 5. Let y be t(5). Let a(d) = 2*d**3 + 2*d**2 - 2*d - 7. Let z(k) = k**3 + k**2 - k - 1. Let l(s) = -a(s) + 3*z(s). What is l(y)?
4
Let l(d) = 5*d**3 - d**2 + d - 1. Let r = -4 + 4. Suppose -4*x + 0*x + 2*w - 2 = r, 4*x = -4*w + 4. Let i = 1 - x. What is l(i)?
4
Let m = 15 + -11. Let n(s) = -4 + 4 - s + 1. What is n(m)?
-3
Suppose 2*g + 0*g - 6 = 0. Let c = -4 + g. Let b be 2 + c + -2 + 4. Let p(w) = w**3 - 3*w**2 + 2*w - 1. Give p(b).
5
Let c(x) = 9*x**3 + x**2 - x + 1. Let q be c(1). Suppose -5 = 5*a + q. Let j(l) = 0*l**2 + l**2 - 2*l**2 + 4. What is j(a)?
-5
Let z(m) be the first derivative of 1/3*m**3 + 0*m + 0*m**2 + 1. Determine z(2).
4
Let k(l) be the first derivative of 11*l**4/4 - l + 17. Suppose 0 = 3*r + 1 - 4. Give k(r).
10
Suppose -1 = -l - 5. Let h(i) = 5*i + 11. Let u(o) = -2*o - 4. Let q(b) = 3*h(b) + 8*u(b). Calculate q(l).
5
Suppose -2*w - f = -1 - 1, 5*w + f - 11 = 0. Let k be w/6 - 2/4. Let r(d) = -d**2 + 1 + 2*d + d + k*d**2 - 4*d. What is r(-2)?
-1
Let p be ((-16)/(-2))/((-2)/(-3)). Let y = p + -7. Let c(n) = -2*n + 0 + n + y. Determine c(4).
1
Let l be (-2)/6 - 26/(-6). Suppose 2*p = l*p. Let r(g) = 5*g - 6 + 10*g - 18*g + 4*g. Determine r(p).
-6
Let t = 85 + -84. Let l(q) be the first derivative of -2*q + t - q**2 - 1/3*q**3. Calculate l(-3).
-5
Suppose 3*r - r + 13 = y, 3*r = -4*y + 8. Let u(v) = -2*v**2 + 7*v - 1. Determine u(y).
-16
Let k(x) = -x + 1. Let j(m) = m**3 + 3*m**2 - 3*m - 1. Let i(g) = j(g) - 3*k(g). Calculate i(-3).
-4
Let y = -17 + 21. Suppose y = -3*d + d. Let o(c) = 3*c + 1. What is o(d)?
-5
Let c(g) = -3*g - 7. Let k(w) = -1. Suppose -3*v + 11 + 7 = -3*q, -v = 5*q + 30. Let y(l) = q*k(l) + c(l). Give y(2).
-7
Suppose 5*n = 0, -k + 5*n + 5 = 3. Let z(y) = -6*y + 2. Determine z(k).
-10
Let h(f) = -4*f - 2. Let z(l) = -7*l - 3. Let p(i) = 5*h(i) - 3*z(i). Suppose 2*d + 2*g = 0, 4*d - 2*g + 18 = -0. Let r be -2*(-3)/d*2. What is p(r)?
-5
Suppose -7*d + 10*d = -9. Let z(x) be the third derivative of x**6/120 + x**5/30 - x**4/8 - x**3/6 - 2*x**2. Give z(d).
-1
Let a(i) be the first derivative of -i**2 + 7. Give a(-2).
4
Let r(y) = -y**2 + 3 + 0*y - 10 - 6*y + 3. Calculate r(-5).
1
Let c(k) = -k**2 + 5*k - 3. Let u be (-16)/96 + (-62)/(-12). What is c(u)?
-3
Let v(m) = 4*m - 5 + 0*m + 2. Let q(r) = -r - 1. Let g be q(-3). Calculate v(g).
5
Let d(h) be the second derivative of h**4/24 - h**3/3 + h**2 + 2*h. Let b(q) be the first derivative of d(q). Determine b(-3).
-5
Let t(p) = p + 1. Let h(z) = -7*z - 14. Let n(s) = h(s) + 6*t(s). Give n(0).
-8
Let v be (-2)/(-3) + (-28)/6. Let q(c) be the second derivative of -c**3/2 + c**2 - 8*c - 2. Determine q(v).
14
Let p(u) = 2*u + 18. Let s be p(-9). Suppose y - f + 1 = s, -5*y = 3*f - 3 - 8. Let i(c) = -5*c**3. Give i(y).
-5
Let h(a) = 2*a - 7. Let f be h(7). Let g be (-1 + 0)*(-2 + f). Let n(q) = -q**3 - 5*q**2 + 7. Give n(g).
7
Let i(y) = -y**2 + 8*y + 2. Let j = 37 + -30. Give i(j).
9
Let t(s) = -s**2 + 6*s + 8. Let n(v) = v**2 + 5*v + 7. Let z be n(-5). Calculate t(z).
1
Let h(j) = -6*j**3 - 2*j**2 + 1. Suppose -2*g - 20 = -7*g. Suppose -x + g + 1 = 0. Suppose 0*b = x*b - 5. Determine h(b).
-7
Let t be (-30)/(-40) + 15/(-4). Let h(g) = g**3 + 6*g**2 + 4. Let k be h(-6). Let p(w) = w**2 - 6 + k - 2*w**2 - w. Calculate p(t).
-8
Let f(q) = -5*q**3 - 9 - 5*q - 3*q**2 - 4*q**2 + 2*q**3 + 2*q**3. Determine f(-6).
-15
Let u(w) be the second derivative of -w**3/6 - 2*w**2 - 7*w. Give u(-2).
-2
Let q(j) = j**2 - 4*j. Suppose -5*y = 4*w - 14, 2*y = 3*y - 2*w. Determine q(y).
-4
Let s(l) = -3 - 6*l + l + 4*l + 7. Give s(-3).
7
Let j(q) = -q**3 - 9*q**2 - 7*q + 1. Let m(i) = -2*i**3 - 19*i**2 - 13*i + 3. Let p(k) = -5*j(k) + 2*m(k). What is p(-6)?
-17
Let c = 10 + -7. Let f be (0 + -1)/(c - 2). Let m(h) = -5*h**2 + h + 3*h**2 + 0*h**2. Give m(f).
-3
Let n(h) = 3*h - 2. Let x(g) = -1. Let q(d) = n(d) - 6*x(d). Give q(4).
16
Let u(y) = -1 + 5 - 1 - y**2 + 6*y - 4*y. Let z(v) = -v**2 + 4*v. Let n be z(2). Determine u(n).
-5
Let i(f) = -4*f + 1 + 3 - f**2 + 0 - 4*f. Determine i(-4).
20
Let y(p) = -p**2 - p + 2. Suppose -2*n + 6*n = 5*l - 38, n + 8 = l. Let x = -9 + l. What is y(x)?
-4
Let s(u) be the first derivative of -u**3/3 + 4*u - 1. Let z(i) = i**2 + 3*i + 1. Let n be z(-4). Suppose 0*a = -n*a. Calculate s(a).
4
Let l(w) = -7*w**2 - 10*w - 1. Let i(n) = 0*n**2 - 4*n - 4*n**2 - 4*n + 3*n. Let p(m) = 5*i(m) - 3*l(m). Let h be ((-30)/12)/((-2)/(-4)). Calculate p(h).
3
Let o = -7 + 6. Let h(w) be the second derivative of 3*w**5/10 + w**4/12 - w. Give h(o).
-5
Let a(o) be the second derivative of -5/6*o**3 - 1/2*o**2 + 2*o + 0. Determine a(1).
-6
Let p(v) = 2*v + 8. Let u(h) = h + 7. Let y(a) = 4*p(a) - 5*u(a). Let r be (2/7)/(1/7). Determine y(r).
3
Let x(v) = -v**3 - 3*v**2 + 3*v - 1. Let y be ((-8)/(-6))/(4/(-12)). Give x(y).
3
Suppose -4*u + 95 = 31. Let t = -12 + u. Let a(y) = 6*y**2 + 3*y + 2 - y - 7*y**2. What is a(t)?
-6
Let n(z) = -3*z - 1. Let f be n(5). Let g = 21 + f. Let x(a) = a**2 - 3*a - 2. What is x(g)?
8
Let c(o) = o**2. Let y(w) = -w**3 + 4*w**2 + 3*w + 4. Let l(h) = 3*c(h) - y(h). Determine l(3).
5
Let c(g) = g**3 - 4*g**2. Let m be c(4). Let n(a) = -1 + 3*a + m - 5*a. Suppose 0 = 5*f + o + 15, 0 = 4*f - 3*f + 4*o + 22. Give n(f).
3
Let l(t) = 2*t + 2. Suppose 0 = -3*k - 6. Determine l(k).
-2
Let f be (-33)/(-18) + (-1)/(-6). Let k(d) be the second derivative of 1/12*d**4 - d + 0 - 1/2*d**2 + 0*d**3. Determine k(f).
3
Let o(q) = -q**2 - 4*q + 4. Let k be ((-21)/(-12))/(3/24). Let s be 60/(-14) - (-4)/k. Give o(s).
4
Let n(j) = -j**3 + 6*j**2 - 3*j - 7. Let t be (-3)/(-15) - (-48)/10. Suppose -4 = -t*c + 6. Let a = 7 - c. What is n(a)?
3
Let s(p) = -p - 12. Let t be s(-8). Let a(c) = 0*c - 3*c**2 - c**3 + 4 + 4*c + 2. What is a(t)?
6
Let t(l) = -2 - 6*l + 11*l - 3*l. Let g = -2 + 5. What is t(g)?
4
Suppose 5*v - 28 - 7 = 0. Let s(q) = q**2 - 7*q + 4. Calculate s(v).
4
Let m(q) = -q**3 + 2*q**2 - q + 2. Let y be m(2). Let p be (-3)/(-12) - 22/(-8). Let s be (0 - y) + p + 2. Let b(r) = r**3 - 6*r**2 + 3*r + 5. Calculate b(s).
-5
Let w(f) = -f**3 + 5*f**2 - 4*f + 3. Let t be w(4). Let a be (-6)/2*4/t. Let i(j) be the second derivative of j**4/12 + j**3/6 - 5*j**2/2 - 4*j. What is i(a)?
7
Let n(w) = w**3 + 12*w**2 + 12*w + 8. Let y = 0 - 11. Let q be n(y). Let d(f) = f**3 + 2*f**2 - f + 1. Give d(q).
-5
Let t = 71 - 50. Let w = t + -18. Let o(k) = -k**3 + 3*k**2 - 4. Determine o(w).
-4
Let v(i) = i + 10. Let h be v(-8). Let j(l) = -l - 1 + l + l**h + 4*l - 3. Let q = -11 + 6. Give j(q).
1
Let x(h) = 2 + 0 - h**2 - 8*h + 5*h + 2. Let f(c) = c**2 + c - 15. Let z be f(0). Let n = z + 10. Give x(n).
-6
Let s(r) = 2*r**2 - 1 - 4*r - 3*r**2 + r. Let b be (-4)/12*0 + -2. Let q be 3*b*12/18. Give s(q).
-5
Suppose -2*d = -d - 4. Let u(h) = 0 + d + 0*h + 5 - h. Let k(o) = 4*o**2 + o - 1. Let r be k(1). What is u(r)?
5
Let z(t) be the third derivative of -t**4/24 - 7*t**3/6 + 2*t**2. Let d be (3/(-4))/((-4)/(-80)). Let g be (6/15)/(1/d). Give z(g).
-1
Suppose 2*o + 39 = 5*i, 11 = i + 4*o - 6*o. Let f = 8 - i. Let n(l) = 3*l. Calculate n(f).
3
Let l(k) = 2*k + 5*k**2 - 2*k**2 - 1 - 2*k**2. Let o be l(1). Suppose -5*g + o*g = 5*j + 26, -3*g - 10 = j. Let a(f) = -f + 1. What is a(j)?
5
Let v(g) be the third derivative of 0*g + g**2 + 0 + 1/12*g**4 + 1/3*g**3. Suppose 245*c - 254*c = 27. Calculate v(c).
-4
Let c(x) = x**3 + 3*x**2 + 9*x**2 - 1 - 10*x**2 + x. Calculate c(-2).
-3
Let h(i) be the second derivative of -i**4/12 + 2*i**3/3 - i. Suppose -8 = -3*w + 7. Suppose -w*f + 23 = m, 2*m + 10 = 5*f - 4. Give h(f).
0
Let w(b) be the third derivative of